me?
True
Let m = 381651 - 175994. Is m composite?
False
Suppose 5*r + 5*s - 3885 = 0, 0*r = 4*r + 2*s - 3106. Suppose -r = 5*v + j, v - 3*v + 5*j - 332 = 0. Let w = 409 + v. Is w a prime number?
False
Let v = 362 - 52. Suppose -v = -m + 33. Suppose 8*u - 1871 = -m. Is u composite?
False
Suppose -18458 = -36*b + 10479 + 79675. Is b prime?
False
Suppose r + 47 - 59 = 0. Let x be (2 + (-6)/r)/(2/332). Suppose 0 = 13*p - 16*p + x. Is p prime?
True
Is (16 - 420/24)/((-3)/949678) prime?
True
Suppose 0 = -n - 3*n - 5*l + 24, -5*n = 3*l - 30. Suppose -550 + 5116 = n*k. Is k a prime number?
True
Let d(t) = 17*t + 4. Let z(a) = -3*a - 3. Let x(l) = 3*l + 3. Let f(y) = -6*x(y) - 5*z(y). Let n be f(-4). Is d(n) prime?
True
Suppose -163438 = -7*y + 65511. Is y prime?
True
Let g = 209069 + -122830. Is g composite?
False
Let l = -47 - -47. Suppose m + 12 = 2*r - 0*m, l = m + 2. Suppose n + 2*n = -5*q + 882, -314 = -n + r*q. Is n a prime number?
False
Suppose -55*k - 1110 = -58*k. Let u = 64 - 120. Let f = u + k. Is f composite?
True
Suppose 23*t - 11*t - 1210421 = -11*t. Is t a prime number?
True
Suppose -1287 = -4*s + 8949. Let d = 2720 + -2340. Let r = s + d. Is r a prime number?
True
Is ((-32)/1728*-36)/((-12947024)/6473514 - -2) a composite number?
False
Let b = -2833 + 1627. Let r = b + 3296. Suppose 0*d - 2*d + r = -4*h, 3*d - 3132 = 3*h. Is d prime?
False
Is ((84/(-8))/(-21))/(4/383464) composite?
False
Let u(x) = -x**3 + 2*x. Let v(r) = -r**3 + r**2 + r - 1. Let a(d) = -6*u(d) + 5*v(d). Let k be a(-6). Is (1032 - k)/(((-4)/1)/(-4)) a prime number?
True
Let r(h) = 9*h + h**2 + 1 + 3*h - 20*h + 2*h**2 + 3*h**2. Suppose l - 6*l = -2*y + 33, 4*y + l - 11 = 0. Is r(y) composite?
True
Let n be (-2)/((-2)/(-2) + -2). Suppose 15 = -4*r - 5*j + 12, -j - 3 = 0. Suppose -r*q + 2460 = 3*c, n*c - 5*q + 563 = 2210. Is c prime?
True
Let a be (3/(-6))/(((-55)/30)/11). Let x be (-1 + 1794 + 6)*(-1)/(-1). Suppose -4*q = 3*i - x, 555 + 53 = i + a*q. Is i composite?
False
Let f be 187/1309 + 1*1/(-7). Suppose f = -13*h + 2994 + 34745. Is h prime?
True
Let u(a) = -1689*a**3 + 2*a**2 + 21*a + 41. Is u(-3) a composite number?
False
Suppose 4*p + 4*v - 20 = 0, 4*v - 3 = -p + 8. Suppose -2*w - 2*w = p*o - 5, w + 10 = 3*o. Is (-1620 - 3)*(-3)/(-9)*w a prime number?
True
Let o(m) = 10*m**2 + 2*m + 51. Let k be o(-5). Suppose -2801 = -10*u - k. Is u prime?
True
Suppose 109601 = 465*n - 464*n. Is n a composite number?
True
Suppose 3*d + 59349 = 218562. Is d composite?
True
Suppose -14*x + 7047026 = -2949574 - 1939198. Is x a prime number?
True
Suppose 219*f = 60430570 + 67690373 + 9604872. Is f prime?
False
Let f = -182 + 175. Let h(n) = 67*n**2 + 7*n + 29. Is h(f) a prime number?
False
Suppose 0 = -0*i + 3*i - 3*x + 33, -i = 3*x - 9. Let j be 0 - 8/(-2) - -2. Is 8/j*i/(-4) + 1317 a composite number?
False
Suppose -281*o - 4*i + 546565 = -280*o, 4*i = -4. Is o composite?
False
Let q(c) = -29*c - 2. Suppose 7*p - 4*p = 15. Suppose -49 = p*z - 2*w, -5*z - 3*w - 35 = 2*w. Is q(z) a composite number?
True
Let d(i) = -4952*i + 374. Is d(-7) a composite number?
True
Let f be 30/40 + 2/8 - 11. Let z(j) be the first derivative of j**4/4 + 10*j**3/3 + 15*j - 3. Is z(f) a composite number?
True
Suppose -r = -4, r + 2*r - 6 = 2*s. Suppose -141 = s*y - 153. Suppose 0 = 5*f - i - y*i - 5590, 2*f - 2237 = 3*i. Is f a prime number?
True
Suppose 0 = f + 3, 2*y - 3*f + 12 = 29. Suppose 4*n - 187 - 1273 = 0. Suppose u - q - 75 = 3*q, -3*q = -y*u + n. Is u a prime number?
False
Suppose 0 = 2*u - 2*d - 101766, 14*u - 11*u = -4*d + 152621. Is u a composite number?
True
Suppose 92502 = -42*c + 44*c. Is 2/17 - c/(-51) composite?
False
Suppose 31 = -3*u - 5*s + 87, 3*u - 70 = 2*s. Let k(n) = -2*n**3 + 39 + n**2 - 9*n - u - 18*n**2 - 3*n**3. Is k(-8) a composite number?
True
Suppose 2*k = -27 + 21. Let j(l) = 31*l**2 - 5*l + 3. Let y be j(k). Let d = y - 206. Is d a prime number?
False
Let d = 243 - 226. Let n(t) = 58*t - 171. Is n(d) prime?
False
Let h(s) = -s**3 + 2*s**2 + 2*s + 1. Let l be h(-1). Let i(j) = -64*j + 1346. Let t be i(21). Suppose -l*x + t*v + 21 = 7, v = 2. Is x prime?
False
Let r be 1 + 3 - (-5 - -7). Suppose r*h - 3*o = 3506, 5*h + 6*o - o = 8765. Suppose l + y + 549 = 2322, l - 4*y - h = 0. Is l a prime number?
False
Let r = 3 - 53. Let j = r + 56. Suppose 4765 = 2*x + j*u - u, -x + 2370 = 5*u. Is x prime?
False
Let x be 0 + 1/4 - (-40444)/16. Let m = 5451 - x. Is m a composite number?
True
Let m = 239 + -235. Suppose -4*v + 3532 = -m*w, 4*w = -v + w + 863. Is v a prime number?
False
Suppose -5*d + 23 + 2 = 0. Suppose 12 = 5*i - 3*c, -3*i - 4*c + 0 = 16. Suppose d*x - 7*x + 1822 = i. Is x prime?
True
Let l(p) = 2*p**3 - 11*p**2 + 19*p - 10. Let h be l(3). Let j = -8 + 13. Suppose j*x - 4*o - 4827 = -2*o, 4*o - 1950 = -h*x. Is x composite?
False
Let g = 550381 - 368942. Is g a prime number?
True
Let g(s) = 3*s**2 - 7*s - 16. Let v(w) = w**2 - 3*w - 5. Let i(l) = -2*g(l) + 7*v(l). Is i(32) composite?
False
Let y = -121375 - -215906. Is y composite?
False
Suppose 0 = 5*w - 3690 - 8885. Suppose -176*p - w = -181*p. Is p a prime number?
True
Let z(l) = 6*l**3 - l**2 + 10*l + 4. Let w(d) = -7*d**3 - 10*d - 5. Let x(g) = 5*w(g) + 6*z(g). Is x(12) a prime number?
True
Let b(i) = 1207*i**3 + 2*i**2 + 3*i + 2. Let a be b(-1). Let s = 51 - a. Is s a prime number?
False
Let d(z) = 240*z - 51. Let v be d(6). Let f = 2176 - v. Is f a prime number?
True
Suppose 2440 = 5*x + 5*j, 2*x - 4*j = x + 503. Let h = 756 - x. Is h a prime number?
False
Suppose -g - 5*f = -3 + 2, -4*f - 22 = -3*g. Is 547 - ((g - 1) + 1) a composite number?
False
Let s(c) = -5*c**2 - 19*c - 5. Let q be s(-3). Suppose 3*i + 4*v - 44753 = 0, -q*v + 44785 = 3*i - 11*v. Is i composite?
False
Let g be ((-8)/1)/((-4)/(-2)). Let m be ((-24)/(-27))/g - 51052/(-18). Suppose 13*b = 17*b - m. Is b a prime number?
True
Suppose 37 - 10 = 9*y. Suppose y*d + 865 = -2*o, -o + 6*d - 3*d - 419 = 0. Let a = o + 837. Is a a composite number?
False
Let x(a) = a**3 - 101*a**2 + 2718*a + 43. Is x(72) prime?
True
Suppose 0 = -8*x + 13 - 37. Let h be x/(-2)*(-14200)/(-75). Suppose 0 = -7*j + 11*j - h. Is j a prime number?
True
Let r(s) = -6*s**2 - 97*s + 67. Let x(a) = 13*a**2 + 194*a - 137. Let y(h) = 9*r(h) + 4*x(h). Is y(-36) a prime number?
False
Suppose -334*u - 84*u + 218368249 = -81*u. Is u prime?
False
Let k(c) = 2*c**3 - 42*c**2 + 7*c - 14. Let n be k(21). Suppose -n*i + 121*i + 206292 = 0. Is i a composite number?
False
Let n(l) = 18900*l**3 - 3*l**2 + 23*l - 21. Is n(1) a composite number?
False
Let w(o) = 57*o - 35. Suppose -17 + 47 = 3*m. Let q be w(m). Suppose -h - 3*y = -q, -2*h - 482 = 3*y - 1558. Is h a prime number?
True
Let j = 175092 - 20429. Is j a composite number?
True
Let m(f) = 243*f - 109. Let k = -169 + 185. Is m(k) composite?
False
Let x(u) = 473*u + 4. Let k be 39/36*3 + 1/(-4). Let f be x(k). Suppose -7*o + f = -54. Is o a composite number?
False
Suppose 462215 = 77*p - 60*p - 6202686. Is p prime?
True
Is 141559 + (-8 + 24)*-2*(-3)/12 a prime number?
False
Suppose 3*j + 2*j - 28750 = 0. Suppose j = 4*n - 2*q, 3*n + 0*n - 4313 = q. Is n composite?
True
Let x be 0/(-3 + (-3 - -4)). Suppose x = -3*w + 6*w + 225. Is 30/w + (-2514)/(-10) composite?
False
Let x(l) be the third derivative of 13*l**5/60 + 3*l**4 - 13*l**3 + 250*l**2. Is x(-41) a prime number?
False
Suppose -4*a + 4*b + 236 = a, -8 = 2*b. Let r be (-124)/a - 2/11. Let l(n) = -45*n**3 - n**2 + 3*n - 4. Is l(r) prime?
True
Let o(h) = -2*h + 9. Let t be o(2). Suppose 2927 = t*y + 682. Suppose f - 186 = y. Is f a composite number?
True
Suppose 2*s + 33 = 5*n, -10 - 15 = -n + 5*s. Suppose 2*m = 3*c + 7867 - 37715, 0 = -n*c + 4*m + 49750. Is c a composite number?
True
Let d = -165 - -159. Is -2 - 9*(-1)/d*-250 a prime number?
True
Let d(v) = 1532*v + 156. Let h(a) = -3. Let i(u) = d(u) - 3*h(u). Is i(6) composite?
True
Suppose 1161040 = 15265*o - 15185*o. Is o composite?
True
Let k = 35000 + -20571. Is k a prime number?
False
Suppose 7220 = -185*l + 180*l. Suppose 3*y = -5*u + y - 29, -2*u + 3*y = 23. Let v = u - l. Is v composite?
True
Let l(s) be the third derivative of -2/15*s**5 - 5*s**2 + 1/24*s**4 + 0*s + 1/120*s**6 - 1/2*s**3 + 0. Is l(9) a composite number